 common divisor of m and i.
20
Let f = 310 + -258. Let d = f - 10. Calculate the highest common divisor of 30 and d.
6
Let u = -60 - -151. Let q = u - 103. Let m(h) = h**3 + 13*h**2 + 11*h - 2. Let o be m(q). Calculate the highest common factor of 15 and o.
5
Let v be (144/(-42))/(70/(-245)). Calculate the highest common factor of v and 1770.
6
Let b be (-120)/(-72)*18/15. Suppose -b*t = 4*z - 24, -3*t - z = -0*z - 21. Calculate the greatest common factor of 258 and t.
6
Suppose -5*q - b = -2*b - 13, -2*q - 2*b = -10. Let s be (-2 - 3) + 126*q/6. What is the greatest common divisor of s and 58?
58
Let n(m) = 2900*m - 3328. Let p be n(4). Calculate the highest common divisor of p and 44.
44
Suppose -3*z + 5*t + 211 + 1386 = 0, -3*t = 3*z - 1677. Suppose 56 + 66 = 2*r. Calculate the greatest common factor of r and z.
61
Suppose -5*i - 5*a = -28485, 3*i + 4*a + 17084 = 6*i. What is the greatest common divisor of 89 and i?
89
Let n be (-10)/(-45) - (-43)/9. Suppose -3*m + 3 + 3 = 0. Suppose -b = 2*g + m*g - 767, 0 = -5*b - n. What is the greatest common factor of g and 12?
12
Suppose -v = -3*l - 0*v + 46, -2*l - 3*v + 49 = 0. Let j be l*((-26)/8)/((-9)/36). What is the highest common divisor of 13 and j?
13
Suppose -29359 + 11110 - 18559 = -107*r. What is the greatest common factor of 8 and r?
8
Suppose 113*c = 111*c + 60. Suppose c = 11*y - 113. Calculate the highest common factor of y and 585.
13
Let n = -21776 - -22637. Calculate the greatest common divisor of n and 164.
41
Let o = -8196 - -9050. Calculate the highest common factor of 112 and o.
14
Let a be (-14 - (-64)/8)*(-11 + 4). Calculate the greatest common factor of a and 609.
21
Let m(n) = n**3 - 9*n**2 - n + 9. Let l be m(9). Suppose 0 = -16*q - l*q + 784. What is the greatest common divisor of q and 28?
7
Suppose 0 = -2*z + 14, 5*a - 1571*z - 2814 = -1573*z. Calculate the greatest common divisor of a and 546.
14
Let x = -22 - -48. Let s be x/2*1 - 3. Let k be (-12)/(((-12)/(-120))/((-8)/s)). What is the greatest common factor of k and 16?
16
Let i(f) = -211*f - 346. Let g be i(-2). What is the highest common factor of g and 57?
19
Let h(m) = 17*m - 21. Let v = -307 + 310. Let w be h(v). What is the highest common factor of 120 and w?
30
Suppose 2*q - 196 = -8*f, -3*f - 44 = 4*q - 449. Calculate the highest common divisor of 5338 and q.
34
Let o be -1 + (-27355)/(-17) - 11/(748/8). What is the highest common factor of o and 6?
6
Let o(i) = i + 78. Let l be o(47). Let d = 165 - l. Calculate the highest common factor of 540 and d.
20
Let a = 516 - 373. Suppose 139*k = a*k - 4536. Calculate the highest common factor of k and 14.
14
Let h(x) = -336*x**2 - 16*x - 28. Let l be h(-2). Let j = -843 - l. Calculate the highest common factor of 7 and j.
7
Let o(y) = 13*y - 11. Let k be o(-4). Let p = -63 - k. Suppose p = -5*t - t + 420. What is the highest common factor of t and 28?
14
Suppose -7 = 5*f + 3*y - 21, 12 = f - 4*y. Suppose 3*m + 6 = -f*d + 4, -2 = -2*m - 2*d. Suppose 216 = 2*c + 2*c. What is the highest common factor of c and m?
6
Suppose -46*c - 30*c + 912 = 0. Let v be (-32)/(-5) + 4/(-10). Let l = v - -2. What is the greatest common divisor of l and c?
4
Let g(d) = -d**2 - 2*d - 6. Let a be g(-5). Let v = a + 58. Suppose v = b - 19. Calculate the greatest common divisor of 14 and b.
14
Suppose 10*k = 13*k - 117. Let b = k - 58. Let s(w) = -w**2 - 19*w + 16. Let v be s(b). Calculate the highest common divisor of 2 and v.
2
Let x(d) = 4*d**2 - 6*d - 30. Let o be x(14). Calculate the greatest common divisor of o and 402.
134
Suppose -p = 4*g - 290, 0 = -2*g + g - 2*p + 69. Suppose -3*f + g = 4*a, -4*a = -0*f + f - 67. Calculate the greatest common divisor of 4 and a.
4
Suppose -154*t - 49225 = -159*t. Calculate the greatest common divisor of t and 55.
55
Suppose -10*m + f + 54975 = -8*m, -m - 2*f + 27505 = 0. Calculate the highest common factor of m and 37.
37
Let v = 551 - 549. Let f(o) = 11*o**2 - 6*o + 4. Let x be f(v). Suppose -36 = -3*s - 9. What is the greatest common divisor of x and s?
9
Let h be (-707)/4 - 5/20. Let d = -173 - h. What is the greatest common divisor of 116 and d?
4
Suppose 5*t + 14*h + 59 = 2*t, -3*h = 12. Let a(p) = 3*p + 2 - 2 - 2 - 36*p**3 + 4. Let x be a(t). Calculate the greatest common factor of x and 28.
7
Let h be (-1348)/32 + (-3)/(-24). Let u be ((-40)/(-3))/(h/(-126)). What is the highest common factor of u and 15?
5
Suppose -j = 10*j - 22. Suppose -4*z + m = -79, -2*z - 3*m = -j*m - 41. Calculate the greatest common factor of 15 and z.
5
Suppose -3*f + 48 + 44 = 4*g, 0 = -5*f - 4*g + 148. Suppose i + 57 = -b + 191, 5*b = -3*i + 418. What is the greatest common factor of i and f?
14
Let s(h) = -2*h + 1152. Let v be s(2). What is the highest common factor of v and 126?
14
Suppose 16*f - 12*f = 5*h - 4908, 5*h - 3*f - 4921 = 0. Let j = 149 + -87. What is the highest common factor of j and h?
62
Let n = 22 + -17. Suppose -n*j + 3*j + 64 = 0. Suppose -3*m = 2*h - 32 - 28, h + 2*m - j = 0. Calculate the greatest common divisor of h and 12.
12
Let j be (30/9)/((-164)/24 + 7). Suppose -x = -26 - j. Let l be 1/4 + 273/12. Calculate the highest common divisor of x and l.
23
Suppose 2*y + 447 = 5*c, -50*c + 442 = -45*c + 3*y. Let i = c + -83. What is the highest common divisor of 15 and i?
3
Suppose -10*i - 319 - 501 = 0. Let o = i - -93. Let d be (-21)/(-49) - 305/(-7). What is the greatest common divisor of o and d?
11
Let u = 794 + 353. Calculate the greatest common factor of u and 259.
37
Suppose -17844*t + 17853*t = 17226. Calculate the highest common factor of 66 and t.
66
Suppose 0 = -282*j + 111*j + 727434. What is the highest common divisor of j and 12?
6
Let w be 207*(88/396 - (-1)/9). Calculate the highest common divisor of w and 4071.
69
Let w = -2287 + 7858. What is the highest common divisor of w and 54?
9
Let h = 129 + -56. Let c = -933 + h. Let a = -398 - c. What is the greatest common factor of a and 42?
42
Let x be ((-77)/(-22))/(1/2). Suppose -85 = x*m - 1429. What is the highest common divisor of 32 and m?
32
Let j = 42 + -8. Let d = 3033 + -2982. What is the highest common factor of d and j?
17
Let b(c) = -c**2 + 1. Let a be b(-1). Suppose a = 4*q + 11 - 123. Let z be (-1 - (-7 + 9)) + 255. Calculate the highest common factor of q and z.
28
Let x(o) = o**2 + 7*o - 594. Let s be x(24). Calculate the greatest common divisor of s and 2160.
30
Suppose -102 = -8*c - 6. Let k be c/20 + (-3)/5. Suppose -s + 10 = 2*n, -s - 4*n + k*n + 6 = 0. Calculate the highest common divisor of s and 98.
14
Suppose -2*h + 10*a = 6*a - 1016, -4 = -4*a. Calculate the highest common divisor of 75 and h.
15
Suppose -2*i + 22 = 3*f, 4*i - 4 - 16 = 0. Let w be 10/3*210/f. Let u(a) = a**2 - 11. Let t be u(9). Calculate the highest common divisor of t and w.
35
Suppose 10*q + 64 = -46. Let f(h) = -5*h - 16. Let l be f(q). What is the highest common factor of 13 and l?
13
Let g be 3 + (-16)/(-3)*12. Suppose -41*b + g*b - 2496 = 0. Calculate the greatest common factor of b and 1056.
96
Let g(a) = -691*a - 5. Let k be g(-5). Let j be k/21 - 2/7. Suppose 386*b = 15157 + 669. Calculate the highest common factor of b and j.
41
Let g be -37 + (-2790)/(-75) + (-69)/(-5) + 0. Let d = -251 - -422. Let x = d - 59. Calculate the greatest common divisor of g and x.
14
Let d(k) = -k**3 + 41*k - 67. Let v be d(5). Let w be 142 + (2/2)/(-1 + 2). Calculate the highest common divisor of w and v.
13
Suppose 5*f = 999 + 171. Suppose 4*s + 0*s = 0, -2*b + 3*s + 112 = 0. Suppose 2*j - b = v, 7 - 3 = -v. Calculate the greatest common factor of j and f.
26
Suppose -16*n - 1539 = -19*n. Suppose m = 556 - n. What is the highest common divisor of m and 430?
43
Let d be 1/(30/72)*(-1070)/(-4). Calculate the greatest common factor of 6 and d.
6
Suppose -u = 3*d - 89, 4*u = -5*d + 99 + 54. Let s = d + -30. Let h be (3 + 0 - 29)*s. Calculate the greatest common factor of 117 and h.
13
Suppose 0 = -3*z + 254 + 82. Suppose -2*k + 4*k = 4*y - 448, -z = -y - 5*k. Let r be (1/3)/(5/210). What is the highest common factor of y and r?
14
Suppose 2*m = 8*z - 12*z + 432, -4*m + 5*z = -903. What is the highest common divisor of m and 6?
6
Let t = -488 + 856. Suppose -3*z - 13 + 56 = 2*w, 0 = 5*z + 6*w 